+ -42640. Is a a composite number?
True
Let t = 578 - 199. Is t a prime number?
True
Is 2 + 4 + ((-3021)/(-3) - 4) a composite number?
False
Is (5*2463/6)/((-14)/(-28)) composite?
True
Let n(y) = -y**3 + 8*y**2 - y + 5. Let j be n(8). Let w be -2 - j - (4 + -1393). Suppose -7*b = -2*b - w. Is b a prime number?
False
Let l = 127 - 130. Let r(z) = 0*z + 2*z - 12*z - 4. Is r(l) a prime number?
False
Suppose 4*y + 4*a - 13044 = 0, 0 = -2*y - 4*a - a + 6516. Is y a prime number?
False
Let m(d) = d**2 - 77*d - 87. Is m(-31) a composite number?
True
Is (748 - -2 - (3 + -4))*1 prime?
True
Let i(p) = 1381*p**3 + p**2 - 39*p + 39. Is i(1) a prime number?
False
Suppose -q - 3*q + 12 = 0. Suppose 0 = -q*u - 3*y + 1239, 685 + 1350 = 5*u - 5*y. Suppose -2*l - 3*f + u = -0*f, -390 = -2*l + 2*f. Is l composite?
False
Suppose 14508 = b - 2*c - 1329, 0 = -b + 3*c + 15839. Is b composite?
True
Is (55/(-20) + 3)*2732 a prime number?
True
Let o = -31 + 34. Suppose f + t = 544, -4*t + 1626 = 3*f - o*t. Is f a prime number?
True
Let g = 89184 + 17885. Is g a prime number?
True
Suppose -y + 5*y + 3*c = 12, 5*y = 4*c + 15. Suppose -2*f - 242 = -y*p + 7*p, 4*f + 2*p + 454 = 0. Let g = f + 385. Is g a composite number?
True
Is ((-20)/6)/5*(-2637)/6 prime?
True
Suppose 3*d + 2*n = 2 - 16, -2*n - 4 = -2*d. Let x(k) = -2*k**3 - 7*k**2 - 7*k. Let p be x(-6). Is (-1 + 0 - d) + p a prime number?
True
Suppose -9*d = 25 + 191. Is d*(-24 + 1) - 1 a composite number?
True
Let b = 1263 - -304. Is b composite?
False
Let l(r) = 741*r**2 + 58*r + 11. Is l(-6) prime?
True
Let y = 3722 - 1891. Is y composite?
False
Let y be 4 - 1 - (-4 + -187). Let l be (y/(-3))/((-6)/(-18)). Let i = -103 - l. Is i a composite number?
True
Suppose 50*k - 148664 = 42*k. Is k a prime number?
True
Let o be (-5*7/(105/18))/(-2). Suppose 472 = z - 5*w + 156, -898 = -o*z + 5*w. Is z composite?
True
Suppose -4*u + 0*u + 3*b + 773 = 0, 4*u + 4*b - 780 = 0. Is u composite?
True
Suppose 0 = -6*s + 3*s + 660. Let d = s + -481. Is (d/(-15))/((-2)/(-10)) a prime number?
False
Let m = -30 + 37. Let s(q) = -q**2 + 10*q - 17. Let a be s(m). Suppose 865 = -a*u + 2941. Is u a prime number?
False
Suppose -2*r + 3*u + 4 = 0, r - 5*u = 4*r - 6. Suppose -r*w + 3*w - 336 = 5*s, -5*w = 2*s - 1545. Is w composite?
False
Let p be 2/7 - (-36)/21. Suppose -3*d + 6 + 3 = 0. Suppose -d*i = p*i - 265. Is i a composite number?
False
Let t = 45 - 15. Let i be (-22)/121 - (-673)/11. Let r = i - t. Is r a prime number?
True
Suppose -21854 = -7*t - 553. Suppose -3*i = -t - 410. Is i composite?
False
Let d(g) = -43*g**3 + 3*g**2 - 2*g + 1. Suppose -2*h - 2*h = -j + 17, 0 = -2*j - 4*h - 26. Is d(j) prime?
False
Suppose c = -4*h + 17304, -17292 = -4*h - 0*c - 4*c. Is h a prime number?
True
Let g(w) = 341*w - 335*w + 1 + 8*w**2 - 8. Is g(10) composite?
False
Let i(f) = -31*f + 4. Let m(z) = -47*z + 2. Let n be m(-1). Let y be 94/(-7) - (-21)/n. Is i(y) composite?
True
Let o(d) = -2*d**3 - 12*d**2 - 6*d - 11. Let z(w) = -w**2 + 5*w + 2. Let t be z(5). Suppose 0 = t*q - 3*n + 28, -4 = 2*q + 2*n + n. Is o(q) prime?
True
Let t(k) = 225*k**2 + 8*k + 39. Is t(-10) composite?
True
Suppose 0 = 6*m - 183 - 81. Let h = 99 - m. Is h a prime number?
False
Let p = -818 - -2656. Suppose d - 1840 = 3*l, -3*l - 5495 = -4*d + p. Is d prime?
True
Let u(b) = 1420*b**2 + b - 4. Let d be u(2). Suppose 2*y = 3*x + d, x = 3*y - 1895 + 14. Is (-1)/(3/x) - -3 a prime number?
False
Suppose 2*d = 6*d - 2*o - 127170, -4*d + o = -127167. Is d a composite number?
True
Let x = 81 - -398. Is x a prime number?
True
Let u(c) = 6*c**2 + 4*c + c**3 + 2*c**2 - 2*c**2 - 5 - c. Let k be u(-5). Suppose -5*n - 603 = -4*i, -481 = 2*i - k*i - 2*n. Is i prime?
True
Suppose 2*o - 1262 = -3*p + 1353, -5*o = -p - 6580. Let i be (o - 0)*(-3 + 4). Suppose 108 = -3*k + 4*c + 897, -5*k + i = -5*c. Is k composite?
False
Let a(b) = b**3 + 10*b**2 + 3*b - 9. Let p = -11 + 3. Let i be p + (2 - 3)*0. Is a(i) a prime number?
False
Let a = 260 - -354. Suppose 4*x - 21 = -5, -a = -5*z - x. Suppose -3*n - 3*f = -112 - 50, -3*n + z = -5*f. Is n prime?
False
Suppose -m + 7020 + 2436 = 0. Let s = m + -6151. Is s composite?
True
Suppose 0 = -4*l - 3*z + 1064, z = 4*z - 12. Let m = l - 157. Is m a composite number?
True
Suppose k = 4*k + 936. Is (111/(-12))/(6/k) prime?
False
Suppose -847 + 2983 = 4*g. Suppose f - 1453 = g. Is f composite?
False
Let q = -42907 + 79880. Is q composite?
False
Suppose b + 2723 = -6*b. Let l = -132 - b. Is l composite?
False
Suppose -5 = -5*c + 5. Is (-6)/4 - (-3065)/c a composite number?
False
Let a(v) = 16*v**2 + 14*v - 2. Let x be a(7). Let m = x - -1555. Is m composite?
True
Suppose z = 2*z. Suppose z = -0*b + 3*b + 1062. Is b/(-4)*(-6)/(-9) prime?
True
Suppose -b = 5*h - 0*b - 8529, h + 5*b = 1701. Suppose 0 = -4*s + h + 4302. Suppose 0*q + 1202 = 4*q - 2*c, 0 = 5*q - 3*c - s. Is q a prime number?
False
Suppose 5*f + 0*f - 4*s - 48 = 0, 0 = 3*f + 2*s - 20. Suppose 4*j - f = -0*j. Suppose 4*h - b - 85 = -0*b, j*h + 4*b = 38. Is h a prime number?
False
Suppose -5*t + 49873 = 3*d, -5*d + 10*d + 9969 = t. Is t prime?
False
Suppose 68 - 4 = -4*x. Let y be 116708/x + 1/4. Is 4/(-2)*y/28 a prime number?
True
Let v = 11763 + -7672. Is v a prime number?
True
Let m be 35/21 + (-2)/(-6). Suppose -713 = -m*p - 3*p + d, 580 = 4*p - 4*d. Is p composite?
True
Suppose 171*x + 52613 = 182*x. Is x composite?
False
Let h(n) = 9*n**3 - 4*n**2 + 2*n - 2. Let c be -2*((0 - 1) + -1). Let i = -1 + c. Is h(i) a composite number?
False
Let q = -2322 + 3485. Is q a composite number?
False
Let x = 9 + -16. Let n be 2/x - 289/(-7). Suppose n = 4*s + 1. Is s prime?
False
Suppose -32*f = -21*f - 14971. Is f a composite number?
False
Suppose -4*g - n + 43029 = 9028, -3*g - 2*n = -25497. Is g a composite number?
False
Let b(o) = -4*o**3 + 6*o**2 - 7*o + 2. Is b(-4) a prime number?
False
Let s(m) = 6*m. Let g be s(-1). Let l be 4/g + 610/6. Suppose -2*t + 2*k = -2*k - 50, -5*t - 2*k = -l. Is t prime?
False
Let m = 102 - -24. Suppose -9*a = -m + 18. Is (-5137)/(-4) + a/16 composite?
True
Suppose 15*x = x + 84. Is 2 - (-22025)/35 - x/21 prime?
True
Suppose 4*l = -3*i + 61521, -2*l + 47981 = 2*i + 6967. Is i composite?
False
Suppose 2*f + 51 = 4*h - 3*f, 4*f - 46 = -3*h. Suppose -n + 10 = -0*a - 2*a, 0 = 5*n - a - h. Suppose -n*s - 3*b + 520 = 0, -6*b + 10 = -b. Is s composite?
False
Suppose -29*z + 238344 = -5*z. Is z composite?
False
Suppose -6015 + 1825 = -10*t. Is t a composite number?
False
Is (2 - 1267528/(-48)) + (-1)/(-6) a composite number?
True
Let p(q) = q**2 - 2*q + 19. Let r be p(0). Suppose -r*x + 21*x - 758 = 0. Is x composite?
False
Let m = -3481 + 6768. Is m composite?
True
Let i be 184/30 + (-4)/30. Suppose 0 = -i*m + 1904 + 1414. Is m composite?
True
Let r(o) = 157*o - 17. Is r(4) a prime number?
False
Suppose -17*k + 16*k + 3 = 0. Let p(z) = 41*z**3 + z**2 + 3*z - 2. Is p(k) a prime number?
True
Suppose -5*j = 5*d - 1355, 548 = -16*j + 18*j + 5*d. Is j a prime number?
True
Suppose -5*w + 8795 + 7020 = 0. Is w a composite number?
False
Let i = 46 + -36. Suppose i*y + 0*y = 7940. Is y composite?
True
Let q = 2989 - 1356. Is q composite?
True
Let i(c) = -3*c - 22. Let m be i(-8). Suppose -m*o + 193 = -161. Is o a composite number?
True
Is 15/(-6)*(-87565)/(-25)*-2 a composite number?
True
Suppose 0 = -5*q + 2*q + 5*u + 39353, -2*q + 26277 = 5*u. Is q composite?
True
Suppose -582 = -6*y - 228. Let f = y + 8. Is f a prime number?
True
Suppose 4*g = 2*g - 2*u + 4192, 0 = -2*g + 5*u + 4227. Is g a composite number?
True
Let s(w) = 24*w**2 + 15*w - 29. Is s(4) a prime number?
False
Suppose -13256 = -12*j + 8*j. Is j prime?
False
Let i be (8 + -1)/(1/(-4)). Let b = i - -46. Let d = -4 + b. Is d composite?
True
Let c(x) be the third derivative of 1/3*x**3 + 0 + 3*x**2 + 0*x + 1/120*x**6 - 2/15*x**5 + 1/6*x**4. Is c(8) a composite number?
True
Let a = 373 - 147. Let v = 1067 - a. Is v a prime number?
False
Let o = 36 + -34. Is (o + 3 + 0)*47 a prime number?
False
Suppose 2*r = -0*r - 2*h + 5674, -r = -h - 2829. Is r a composite number?
False
Let x = -11 - -13. Suppose -5*n + x*l + 13 = 0, l + 6 = 5*n - 8. Suppose n*w - 103 - 1388 = 0. Is w a prime number?
False
Suppose -2*r - 119 = -15. Is (1 